ts digit of (2 - z/24)*6?
7
Suppose -5*r + 2*i = -36, -21 = r - 6*r - 3*i. Let s be 314/r - (-2)/3. What is the units digit of (0 - -1) + 0 + s?
4
Let n be 2*(-3 - 38/(-4)). Suppose 3 = 3*i, -n = 4*b + 4*i + 7. What is the units digit of (4 - -2)*(-2)/b?
2
Suppose -u + 0 = 5. Let t = 153 - 154. What is the units digit of t/u - 40/(-50)?
1
Suppose 21 = 7*h - 0*h. Let m(t) = -t**2 + 4*t. What is the units digit of m(h)?
3
Let k = 4023 - 2291. What is the thousands digit of k?
1
Suppose -3*q = 36*q - 7761. What is the hundreds digit of q?
1
Suppose h + 5*v - 522 = 0, -57*h + 4*v = -62*h + 2694. What is the tens digit of h?
4
Let n be (-4)/14 - 2/21*-3. Suppose 9*q - 96 - 372 = n. What is the tens digit of q?
5
Let d(l) = -3*l - 1. Let z be d(-1). Let q(i) = -i - z + i**2 + 2. What is the units digit of q(3)?
6
Suppose 7*k - 4*k - 2*z - 10163 = 0, k = -4*z + 3397. What is the tens digit of k?
8
Let h(p) = -p. Let i be h(-5). Suppose 2*v - 5*a = 3, 3*v - 2*a + 24 = i*v. Suppose -4*t = -v - 123. What is the tens digit of t?
3
Let d = 3038 + -1918. What is the tens digit of d?
2
Suppose 7*h - 210 = 2*h. Suppose h = -5*k - 48. Let o = k + 31. What is the tens digit of o?
1
Suppose 9*m - 93 = -462. Let s = m - -105. What is the units digit of s?
4
Suppose 3*q = 10*a - 11*a + 4903, a + 6549 = 4*q. What is the thousands digit of q?
1
Suppose -4*n - 5*x = -829, 4*n - 2*x + 1032 = 9*n. What is the tens digit of n?
0
Suppose -1 = -c, 5*c - 3935 = -8*y + 3*y. What is the units digit of y?
6
What is the units digit of (-20512)/(-24) + 1/(-12)*-4?
5
What is the units digit of (-3)/(9/(-3053)) - 15/(-45)?
8
Suppose -3*t + 5*t = -5*o - 17, -3*t + 9 = -4*o. Let z(c) = -2*c**3 + 3*c**2 - 2*c + 1. What is the units digit of z(o)?
8
Let k = -449 - -1068. What is the hundreds digit of k?
6
Suppose -5*j - 23 = t + 17, 2*j + t + 16 = 0. What is the tens digit of j/(-10)*(95 + 10)?
8
Suppose -29657 = -10*p + 3083. What is the tens digit of p?
7
Let j = 2 - 4. Let f be (j - 3) + 2 + 171. What is the tens digit of (12/16)/(3/f)?
4
Suppose -10 = -5*q + 5. Suppose 10*c + q*k = 5*c + 87, 0 = -4*c - k + 64. What is the tens digit of c?
1
Let w = 1029 - 504. Suppose 0 = -3*h + w + 6. What is the hundreds digit of h?
1
Let o = 27 + -14. Suppose o*f = 14*f - 56. What is the tens digit of f?
5
Let z = -182 - -274. Let f = 160 - 110. Let b = z - f. What is the tens digit of b?
4
Suppose 4*f + 5*o = 523, -6*o + o - 5 = 0. Suppose -f = -5*g - g. Let x = 74 - g. What is the units digit of x?
2
Let v(b) = -3*b**2 - 5*b + 4. Let p be v(-4). What is the units digit of (16/p)/(2/(-21))?
7
Suppose -3*n - 5*j + 578 = 0, 5*j = -12*n + 11*n + 206. What is the hundreds digit of n?
1
Suppose 2*r = -3*r + 25. Suppose -3*s + 2*m = -11, -r*s + 0*m = m - 40. Let b = s - 0. What is the units digit of b?
7
Suppose 0 = -9*v + 1003 + 2615. Suppose 93 = 5*q - v. What is the tens digit of q?
9
Let w(s) = 26*s**2 + 4. Let o be w(6). Suppose o = 4*k + k. What is the units digit of k/8 + 6/(-4)?
2
Let x(v) = -v**3 + 9*v**2 - 9*v + 10. Let k(b) = b**2 - b - 4. Let z be k(4). Let t be x(z). What is the units digit of 4*t*(-1)/(-8)?
1
Let p = 14 + -16. What is the units digit of -1 + 48 - -1 - p?
0
Let z be (-1 - 107) + 6 + -4. Let u = 76 + z. Let h = -15 - u. What is the tens digit of h?
1
Suppose 5*h + 516 + 429 = 0. Let d = -71 - h. What is the units digit of d?
8
Suppose 4 = d, 6*i + 5*d = 4*i + 1448. What is the tens digit of i/15 + (-1)/15*-6?
4
Let x = 104 - 107. Let y(p) = -30*p + 35. What is the units digit of y(x)?
5
Let o(i) = i**2 + 2*i - 3. Let u(m) = -m**3 + 8*m**2 - 6*m - 3. Let g be u(7). Let j be o(g). Let w = 13 + j. What is the units digit of w?
4
Let r(q) = q**3 + 4*q**2 - 6*q + 1. Let p be r(-5). Let d = 10 - p. Suppose -d*n + 3*z = -15, 24 = 5*n + 4*z - 6*z. What is the units digit of n?
6
Suppose 1007 = 12*c - 385. What is the units digit of c?
6
Let r(o) be the first derivative of -o**4/12 - o**3/6 + o**2 - 5. Let k(l) be the second derivative of r(l). What is the units digit of k(-5)?
9
Suppose 3*g + 0*r - 8 = r, -2*r + 17 = 5*g. Suppose n - 5*n + 5*w = -4, -5*n - g*w + 5 = 0. Let a = 15 + n. What is the units digit of a?
6
Let h(y) = -y + 2. Let d be h(6). Let t be 1 + 2*(d - -3). Let p = t - -20. What is the tens digit of p?
1
Suppose -4*f - 5 = -5*f. Let y be (-157)/f - (-16)/40. Let a = -8 - y. What is the tens digit of a?
2
Suppose -31352 = 15*f - 93932. What is the hundreds digit of f?
1
Let o(z) = -z - 2. Let d be o(-9). Suppose d*c - 448 = 3*c. What is the hundreds digit of c?
1
Suppose t - 818 = 2*r, -2*t - 2*r = -2063 + 415. What is the hundreds digit of t?
8
Suppose 2*x = -2*u + 18, 4*u - 2*u = 2*x - 18. Suppose 0 = g - 3*g - 8. What is the units digit of 3/(g*x/(-48))?
4
Let k = 113 - 43. Suppose -3*u - 19 = -k. What is the tens digit of u?
1
Let r = 10 - 4. Let v(b) = b. Let i be v(r). What is the units digit of ((-2)/i)/((-19)/627)?
1
Suppose -5*m = -l - 1310, 0 = -4*m + 3*l + 689 + 370. Suppose 0 = -2*s, 2*n - 3*s = -n + m. What is the tens digit of n?
8
Let t = 16 - 2. Let k(c) be the third derivative of -c**6/120 + 7*c**5/30 + c**4/6 + 7*c**3/3 + c**2 + 23. What is the tens digit of k(t)?
7
Suppose -5 = -j - 2, -4*j = -2*a + 1228. What is the tens digit of a?
2
Let r(u) = -3*u**2 - u - 2. Let n(z) = -z**2. Let g(d) = -4*n(d) + r(d). Let t be g(2). What is the units digit of t - -1 - 3*-2?
7
Suppose -3*r + 76 = o, -4*r = 5*o - 0*o - 347. Let h = o - 34. Let a = 52 - h. What is the units digit of a?
9
Let a be (2/2)/((-4)/(-60)). Let x = 8 + -5. Let i = x + a. What is the tens digit of i?
1
Let s(w) = -14*w + 6. Let y be s(-8). Let g = 268 - y. What is the hundreds digit of g?
1
Let c be (-32)/12*3/(-1). What is the tens digit of (-212)/6*(-12)/c?
5
Let g(r) be the second derivative of -r**5/20 - r**4/4 + 3*r. Let j be g(-3). Suppose 3*f + 2*s = 67, j*f = f + 4*s - 9. What is the units digit of f?
5
Let n = -4 - 10. Let v = n - -16. Suppose -v*w + 4*w = 24. What is the tens digit of w?
1
Let l(b) = 102*b - 492. What is the hundreds digit of l(17)?
2
Let r = -601 + 1059. What is the hundreds digit of r?
4
What is the thousands digit of -1 - (1 + 0) - (-5772 - -1)?
5
Suppose 0*y - 4*y + 8 = 0. Suppose y*s = -5*o + 2*o + 30, 5*o - 50 = 4*s. What is the units digit of o?
0
Let v(d) = -23*d**3 + 2*d + 1. Let u be v(-1). Suppose -3*w - 3*l = -l - 14, -5*w - 3*l = -u. What is the tens digit of (-1)/((-6)/81)*w?
2
Let b(j) be the second derivative of -23*j**3/3 + 9*j**2/2 + 12*j. What is the tens digit of b(-3)?
4
Let g(c) = 53*c - 198. What is the hundreds digit of g(17)?
7
Let h = 6249 - 2019. What is the thousands digit of h?
4
Suppose 54*t - 58*t + 176 = 0. What is the units digit of t?
4
Suppose -7*s = -126 - 119. What is the tens digit of s?
3
Let g(b) = -3*b + 2. Let y be g(-16). What is the units digit of (-61)/(-5) + 40/y?
3
Let h(i) = 5*i**2 - i + 1. Let t(v) = -v**2 - 8*v - 10. Let f be t(-7). What is the units digit of h(f)?
9
Suppose -22610 = 757*b - 771*b. What is the units digit of b?
5
Let w(q) = 33*q + 6. Let n(f) = -f. Let h(b) = 18*n(b) + w(b). What is the units digit of h(5)?
1
Suppose 3*z - 2*z - 13 = 0. Let l = z - 8. Suppose -5*s = l*w - 3*s - 34, 2 = -w + 4*s. What is the units digit of w?
6
Let q be ((-546)/(-63))/((-2)/(-12)). Let v = q - 12. What is the tens digit of v?
4
Let n(x) = 126*x - 177. What is the hundreds digit of n(4)?
3
Suppose 3*b - 115 = -3*y + 80, b - 70 = -2*y. Suppose -3*t - 12 = -b. Suppose 2*d + t = 6*d. What is the units digit of d?
4
Let w be 87/29*(-68)/3. Let u = -42 - w. What is the tens digit of u?
2
Suppose 10*l + 2101 = 6181. What is the tens digit of l?
0
Let o(i) = i**3 - 24*i**2 + 6*i + 109. What is the hundreds digit of o(25)?
8
Let a(y) = 5*y**2 + 2. Let c be a(-3). Suppose 100 + 36 = 4*t. Suppose 4*g + 3*j - c - t = 0, -2*g + 39 = j. What is the units digit of g?
8
Let g = -62 + -156. What is the tens digit of (2/4)/((-655)/g + -3)?
0
Suppose -4*n - d - 1 = 0, -29 = -4*n + 4*d + d. Let j be (-8)/2 + 3 + n. Suppose 2*z + 2*z - 120 = j. What is the units digit of z?
0
Let d = 3951 + 152. What is the hundreds digit of d?
1
Suppose 3*x = -5*c + 6, 8 = 2*x + 2*x + c. Suppose -5*q + 3*m + 165 = -m, -4*m = -x*q + 66. Wh